te the highest common factor of 341 and b.
31
Let r = -168 + 175. What is the greatest common factor of 21 and r?
7
Let x(c) = -c**2 + 11*c + 82. Let z be x(-5). Let g = -14 - -32. What is the greatest common divisor of z and g?
2
Suppose 0 = 5*u + 18 + 7, -x - 2*u + 742 = 0. Calculate the highest common factor of x and 47.
47
Let q be -6*4/9*(-561)/22. What is the greatest common divisor of 442 and q?
34
Let f = -1123 + 1180. What is the highest common divisor of f and 19?
19
Suppose -2*i + 83 = -3*c - 26, -146 = 4*c - 3*i. Let j = 406 - 349. Let a = c + j. Calculate the highest common divisor of a and 154.
22
Suppose 35 = -0*q + 7*q. Let j(b) = 4*b + 6. Let s be j(q). What is the highest common divisor of 130 and s?
26
Let g be 129 - (4 + -1 - (-2)/(-1)). Calculate the greatest common factor of 320 and g.
64
Let v = 30 - 18. Let p = -43 - -46. Let r(m) = 2*m**3 - 5*m**2 + m - 6. Let g be r(p). What is the greatest common factor of v and g?
6
Let p(b) = b**2 + 11*b + 11. Let s be p(-10). Suppose 3 - 9 = -3*c. Calculate the greatest common divisor of c and s.
1
Let r = -21 + 45. Suppose 54 = 30*t - 21*t. What is the greatest common factor of t and r?
6
Suppose -9*x = -6*x + 3. Let w(v) = -2*v**3. Let j be w(x). Let c be (-3)/(-12)*34*j. What is the highest common factor of 119 and c?
17
Let x(v) = 17*v + 165. Let h be x(9). Calculate the greatest common factor of 6 and h.
6
Suppose 18*u - 282 - 186 = 0. Calculate the greatest common divisor of 221 and u.
13
Suppose -4*k + 391 + 1433 = 0. Calculate the highest common factor of 8 and k.
8
Let s(p) = -p**3 + 6*p**2 + 9*p - 5. Let g be s(7). Let i = g - -54. Calculate the highest common factor of i and 9.
9
Suppose -5 = -4*z - 3*d + 86, -4*d = 4*z - 92. Suppose -2*i - m - 4*m + 29 = 0, 5*i = -m + 107. Calculate the greatest common factor of i and z.
22
Suppose 92 = -w + 5*w. Let y = w + -14. What is the highest common divisor of y and 99?
9
Let p(l) = l - 1. Let i be p(40). What is the greatest common divisor of 13 and i?
13
Let j be 95/7 + 6/14. Let u = j + 10. What is the greatest common factor of u and 72?
24
Suppose -3 + 25 = 2*i. Let d be ((4 - (-105)/(-28))*-4)/(-1). Calculate the greatest common divisor of d and i.
1
Let h(j) = -j**2 + 12*j - 24. Let k be h(10). Let g be 4/(k/(-18)*6). Suppose -g*o = -4*o + 44. What is the greatest common factor of o and 11?
11
Let v(l) = -28*l - 4. Let z be v(-3). Let q = 259 - 255. Suppose 0*t + q*t - z = 0. Calculate the greatest common divisor of 30 and t.
10
Suppose 0*g + 2 = -2*g. Let w be (2 - (7 + -2)) + g. Let a be (((-8)/w)/2)/1. What is the highest common factor of 3 and a?
1
Suppose 36*u + 2673 = 45*u. Suppose -2*q = 19 - 73. Calculate the highest common divisor of u and q.
27
Suppose -5*f = -35 - 10. Suppose 4*u = 5*u - 81. What is the greatest common factor of f and u?
9
Let f = -106 - -64. Let k be (-618)/f - (4/(-14) - 0). Calculate the highest common factor of 10 and k.
5
Let j = 14 - 14. Suppose -32*d + 30*d + 42 = j. Let v(u) = 20*u**3 + u**2 + u + 2. Let m be v(2). What is the greatest common divisor of d and m?
21
Let k be (-4 + -30)*(2 + -3)*6. Calculate the highest common divisor of 119 and k.
17
Let j = 5 - 2. Suppose s = 4*s - j. Calculate the greatest common factor of s and 1.
1
Let q(w) = 3*w**2 - 4*w**3 + 7*w**3 - w**2 + 6*w + 5. Let t be q(-5). Let y = -230 - t. Calculate the greatest common factor of y and 48.
24
Suppose 5*j + 0*g + 4*g = 219, 4*j + 3*g = 175. Let z be 8 + 55776/147 - 6/14. What is the highest common divisor of j and z?
43
Let x(a) = a**2 + 7*a + 5. Let f be x(-7). Suppose -f*t - 3 = -8. Calculate the greatest common divisor of 9 and t.
1
Suppose 52*z = -20*z + 1512. What is the highest common factor of z and 721?
7
Let g be (-10)/20*-4 + 94. What is the highest common divisor of 128 and g?
32
Let d(o) = -2*o**2 - 29*o + 390. Let f be d(8). Calculate the greatest common divisor of f and 760.
10
Let b = -180 - -300. What is the highest common divisor of b and 160?
40
Suppose 75 = 5*y - 2*y - 5*s, -125 = -5*y - 3*s. What is the highest common divisor of 50 and y?
25
Let b be 132/(-2 + 3 + -2). Let s = 274 - 54. Let h = b + s. What is the greatest common divisor of 8 and h?
8
Let k be -6*(-1 + 68/(-12)). Suppose 5*s + 760 - k = 0. Let x be ((-22)/(-4))/((-2)/s). What is the greatest common factor of x and 36?
36
Let y(n) = -154*n**2 + n + 1. Let x be y(-1). Let z = x + 307. Let m be 1 + 14 + (2 - 0). Calculate the highest common factor of m and z.
17
Suppose 38*q - 5*q - 264 = 0. Let x be ((-176)/(-10))/(1/5). Calculate the greatest common factor of q and x.
8
Let z be -4*(-2)/12*-9. Let h be 19 + (z/(-10))/((-2)/10). Calculate the highest common divisor of 48 and h.
16
Suppose 5*k + 72 + 17 = 3*z, -30 = -z + 2*k. Suppose 0 = -u + 2*u - z. Calculate the highest common divisor of u and 28.
28
Suppose -2*q = 3*m + 2, 0*m + 2*m + 2 = -q. Calculate the highest common factor of 82 and q.
2
Let s(c) = -c**3 + 9*c**2 + 2*c - 17. Let b = 16 + -7. Let d be s(b). What is the highest common divisor of d and 23?
1
Let t = 437 - 283. Calculate the highest common divisor of t and 22.
22
Let r be ((400/15)/10)/(2/9). Suppose n = r + 9. What is the highest common divisor of n and 7?
7
Let h(q) = -470*q - 84. Let m be h(-7). Calculate the highest common factor of 14 and m.
14
Let l = 554 - 509. What is the highest common factor of l and 9?
9
Let i(h) = h**2 - 2*h - 198. Let n be i(18). Calculate the highest common factor of n and 840.
30
Let t(j) = -11*j + 35. Let o be t(3). Suppose 5*i = z - 3*z + 56, o*z + 4 = i. Calculate the greatest common factor of 8 and i.
2
Suppose 1046 - 461 = 13*o. Let k(r) = r**3 + 2*r**2 + r. Let g be k(2). What is the highest common divisor of g and o?
9
Suppose -3*k - 45 = -3*d, 7*d + 2*k - 54 = 2*d. What is the highest common factor of 92 and d?
4
Let m be (-845)/(-91) + (-4)/14. Let d be 39/m - 1/3. Suppose -27 = -4*s - 5*l, 4*l + 12 - 40 = -d*s. What is the highest common factor of 56 and s?
8
Let k be (-60)/(-36)*(1 - -2). Let l be 2*k/4*6. What is the greatest common divisor of 6 and l?
3
Let t be (5 - 3) + -3 + 1. Suppose 0 = 3*p - t*p + 6. Let o be p + (50 - -3) + -3. What is the greatest common divisor of 12 and o?
12
Suppose 1 = -3*j - 2*i, 0 = -3*j + 25*i - 21*i + 11. Calculate the highest common factor of j and 7.
1
Suppose 0 = -2*x + 4*z + 642, -5*z - 1284 = -4*x - 3*z. Let l = 508 - x. Calculate the highest common divisor of 17 and l.
17
Let s = 90 - 86. Suppose s*a = -l, -l + 3*a + 10 = -4. Calculate the highest common factor of l and 4.
4
Suppose 0 = 3*g + 9 + 18. Let d = -7 - g. Suppose -d*m = 3*m - 35. Calculate the greatest common divisor of 14 and m.
7
Suppose 47 = 2*x + 7. Suppose -t + 16 = 4*a, 0 = -5*t + a + x + 60. Suppose o = -3*o + t. What is the highest common factor of o and 2?
2
Let l be 375/(-50)*(-2)/(-3) + 1 + 124. Let i = 6 - -2. Calculate the highest common factor of i and l.
8
Let n = -220 + 324. What is the greatest common divisor of n and 16?
8
Suppose -4*x + i + 110 = 0, -2*i = -x - 4*i + 32. What is the highest common divisor of 532 and x?
28
Suppose 3*y - 98 = 4*o, -y - 3*y - o + 156 = 0. Suppose 3*l - 130 = y. Calculate the highest common factor of l and 8.
8
Let b be 86*(-2)/36 + (-2)/9. Let m be 1/(-5) - (423/b)/3. What is the highest common factor of 70 and m?
14
Suppose v = -5*m + 12, -v + 3 = 2*m - 6. Let a = v - -9. Calculate the greatest common factor of a and 176.
16
Suppose 52 + 128 = 4*n. Suppose -2*q = -l - 8, 0*q + 4*q = 4*l + 16. Let h be ((-36)/8 + q)*-10. What is the greatest common factor of h and n?
5
Let j(t) = -16*t - 2. Let u be j(-1). Let n(o) = 70*o**2 - o + 1. Let v be n(1). Calculate the highest common divisor of u and v.
14
Suppose -14 = -2*z + z. Let p be ((-232)/32 - -7)/((2/112)/(-1)). Calculate the highest common divisor of z and p.
14
Let c = 82 - 192. Let o = -66 - c. Suppose -48 = -f - f - 5*z, 3*z + o = 4*f. What is the highest common divisor of f and 154?
14
Suppose 4 = -i - 0*i. Let u(n) = -2*n - 6. Let c be u(i). Let f be c - ((-2)/(-1) + -110). Calculate the greatest common factor of 11 and f.
11
Suppose 2*j = 4*c - 15 - 15, 12 = c - 5*j. Suppose 0 = p - c - 45. Let s = 79 - p. Calculate the highest common factor of s a